{"id":2114,"date":"2021-07-05T08:54:36","date_gmt":"2021-07-05T06:54:36","guid":{"rendered":"https:\/\/www.lux-beb.com\/posillipo\/?page_id=2114"},"modified":"2025-08-06T17:47:00","modified_gmt":"2025-08-06T15:47:00","slug":"privacy-policy-2","status":"publish","type":"page","link":"https:\/\/www.lux-beb.com\/posillipo\/privacy-policy-2\/","title":{"rendered":"Privacy Policy"},"content":{"rendered":"\t\t<div data-elementor-type=\"wp-page\" data-elementor-id=\"2114\" class=\"elementor elementor-2114\">\n\t\t\t\t\t\t\t\t\t<section class=\"elementor-section elementor-top-section elementor-element elementor-element-6a6700f elementor-section-boxed elementor-section-height-default elementor-section-height-default\" data-id=\"6a6700f\" data-element_type=\"section\">\n\t\t\t\t\t\t<div class=\"elementor-container elementor-column-gap-default\">\n\t\t\t\t\t<div class=\"elementor-column elementor-col-100 elementor-top-column elementor-element elementor-element-81637df\" data-id=\"81637df\" data-element_type=\"column\">\n\t\t\t<div class=\"elementor-widget-wrap elementor-element-populated\">\n\t\t\t\t\t\t\t\t<div class=\"elementor-element elementor-element-ac89528 elementor-widget elementor-widget-text-editor\" data-id=\"ac89528\" data-element_type=\"widget\" data-widget_type=\"text-editor.default\">\n\t\t\t\t<div class=\"elementor-widget-container\">\n\t\t\t\t\t\t\t<div><strong>Privacy Policy<\/strong><\/div><div>\u00a0<\/div><div>\u00a0<\/div><div><strong>INFORMATIVA AL TRATTAMENTO DEI DATI PERSONALI AI SENSI DEL REGOLAMENTO (UE) n. 2016\/679 DEL PARLAMENTO EUROPEO E DEL CONSIGLIO DEL 27 APRILE 2016<\/strong><\/div><div>\u00a0<\/div><div>\u00a0<\/div><div><strong>Titolare del Trattamento dei dati personali \u00e8:<\/strong><\/div><div>\u00a0<\/div><div>\u00a0<\/div><p>LUX POSILLIPO DI FERRANTE<br \/>GENNARO con sede in Napoli (NA),\u00a0 VIA POSILLIPO<br \/>382 CAP 80123<br aria-hidden=\"true\" \/>email: luxbeb@gmail.com<\/p><div>\u00a0<\/div><div>Le informazioni personali che raccogliamo e trattiamo, a seguito di Suo contatto via email ovvero in forma elettronica mediante il nostro sito web, sono le seguenti: dati anagrafici, solo se espressamente forniti e autorizzati, tramite modulo elettronico di prenotazione o di iscrizione alla newsletter: nome e cognome, recapito telefonico, email.<\/div><div>\u00a0<\/div><div><strong>Finalit\u00e0 del trattamento.<\/strong><br aria-hidden=\"true\" \/>I Dati Personali messi a disposizione potranno essere utilizzati per le seguenti finalit\u00e0:<br aria-hidden=\"true\" \/>risposta ad eventuali richieste e comunicazioni;<br aria-hidden=\"true\" \/>gestione delle prenotazioni della clientela;<\/div><div>\u00a0<\/div><div>invio di informazioni, comunicazioni in generale ed offerte promozionali mediante attivit\u00e0 di mailing.<\/div><div><br aria-hidden=\"true\" \/>Con riferimento alle suddette \u201cFinalit\u00e0 del Trattamento\u201d si precisa che:<br aria-hidden=\"true\" \/>il trattamento \u00e8 effettuato dietro conferimento e consenso al trattamento dei dati personali. Il conferimento dei dati personali e il consenso al loro trattamento sono necessari per l\u2019erogazione del servizio di prenotazione indicato sul nostro sito web www.lux-beb.com<br aria-hidden=\"true\" \/>in caso di mancato conferimento o di diniego a fornire il consenso al loro trattamento, l\u2019erogazione al servizio prenotazione on line ed il servizio informativo a mezzo mailing non potr\u00e0 avvenire.<\/div><div>\u00a0<\/div><div>\u00a0<\/div><div><strong>Modalit\u00e0 del trattamento<\/strong><br aria-hidden=\"true\" \/>Il trattamento dei Suoi Dati Personali verr\u00e0 effettuato mediante idonei strumenti cartacei, elettronici e\/o telematici, con logiche strettamente correlate alle finalit\u00e0 di cui sopra e, comunque, in modo tale da garantire la sicurezza e riservatezza dei Dati stessi. Nel caso in cui l\u2019utente esegua l\u2019accesso o effettui la registrazione al sito mediante le credenziali di accesso di una rete sociale i dati personali eventualmente comunicati dal Social Network saranno soggetti ai termini e condizioni di utilizzo del Social Network.<\/div><div>\u00a0<\/div><div>\u00a0<\/div><div><strong>Destinatari o Categorie di destinatari dei Dati Personali<\/strong><br aria-hidden=\"true\" \/>Potranno venire a conoscenza dei Suoi Dati Personali i soci, il Responsabile per la Protezione dei Dati, e, comunque, i Responsabili e gli Incaricati del trattamento dei Dati Personali nominati dalla societ\u00e0 nell\u2019esercizio delle loro funzioni.<\/div><div>\u00a0<\/div><div>\u00a0<\/div><div><strong>Durata del trattamento e criteri utilizzati per la conservazione dei Dati Personali<\/strong><br aria-hidden=\"true\" \/>I dati personali verranno conservati per il tempo strettamente necessario a conseguire gli scopi per i quali sono stati raccolti, in ossequio alle finalit\u00e0 sopra indicate. Non appena i dati personali non sono pi\u00f9 necessari per gli scopi per i quali sono stati raccolti, si provveder\u00e0 alla loro eliminazione, salvo che la legge non preveda obblighi di archiviazione o che l\u2019utente non abbia acconsentito al trattamento per un tempo pi\u00f9 lungo o alla loro archiviazione.<\/div><div>\u00a0<\/div><div>\u00a0<\/div><div><strong>Diritti dell\u2019Interessato<\/strong><br aria-hidden=\"true\" \/>La informiamo che in qualunque momento si possono esercitare i diritti previsti nei limiti ed alle condizioni previste dagli articoli 7 e 15-22 del Regolamento. Per l\u2019esercizio di tali diritti, di seguito descritti, La preghiamo di contattare il Titolare del trattamento dei Dati tramite all\u2019indirizzo email luxbeb@gmail.com; a tale richiesta sar\u00e0 fornito idoneo riscontro secondo le tempistiche previste dal GDPR.<br aria-hidden=\"true\" \/>Nel dettaglio l\u2019Interessato ha il diritto di:\u2013 revocare il consenso precedentemente prestato;<br aria-hidden=\"true\" \/>\u2013 chiedere al Titolare del trattamento l\u2019accesso, la rettifica o la cancellazione (cosiddetto \u201cdiritto all\u2019oblio\u201d) dei Dati Personali o la limitazione del trattamento dei Dati Personali che lo riguardano o di opporsi al loro trattamento;<br aria-hidden=\"true\" \/>\u2013 ottenere la portabilit\u00e0 dei Dati;<br aria-hidden=\"true\" \/>\u2013 proporre reclamo al Garante per la Protezione dei Dati Personali qualora ritenga che i propri diritti siano stati lesi.<\/div><div>\u00a0<\/div><div>\u00a0<\/div><p>Qualsiasi richiesta relativa ai dati personali, potr\u00e0 essere inviata scrivendo all\u2019indirizzo di posta elettronica luxbeb@gmail.com<\/p>\t\t\t\t\t\t<\/div>\n\t\t\t\t<\/div>\n\t\t\t\t\t<\/div>\n\t\t<\/div>\n\t\t\t\t\t\t\t<\/div>\n\t\t<\/section>\n\t\t\t\t\t\t\t<\/div>\n\t\t","protected":false},"excerpt":{"rendered":"<p>Privacy Policy\u00a0\u00a0INFORMATIVA AL TRATTAMENTO DEI DATI PERSONALI AI SENSI DEL REGOLAMENTO (UE) n. 2016\/679 DEL PARLAMENTO EUROPEO E DEL CONSIGLIO DEL 27 APRILE 2016\u00a0\u00a0Titolare del Trattamento dei dati personali \u00e8:\u00a0\u00a0 LUX POSILLIPO DI FERRANTEGENNARO con sede in Napoli (NA),\u00a0 VIA POSILLIPO382 CAP 80123email: luxbeb@gmail.com \u00a0Le informazioni personali che raccogliamo e trattiamo, a seguito di Suo contatto via email ovvero in&#8230;<\/p>\n","protected":false},"author":1,"featured_media":2516,"parent":0,"menu_order":0,"comment_status":"closed","ping_status":"closed","template":"my-templates\/template-fullscreen.php","meta":{"footnotes":""},"class_list":["post-2114","page","type-page","status-publish","has-post-thumbnail","hentry"],"_links":{"self":[{"href":"https:\/\/www.lux-beb.com\/posillipo\/wp-json\/wp\/v2\/pages\/2114","targetHints":{"allow":["GET"]}}],"collection":[{"href":"https:\/\/www.lux-beb.com\/posillipo\/wp-json\/wp\/v2\/pages"}],"about":[{"href":"https:\/\/www.lux-beb.com\/posillipo\/wp-json\/wp\/v2\/types\/page"}],"author":[{"embeddable":true,"href":"https:\/\/www.lux-beb.com\/posillipo\/wp-json\/wp\/v2\/users\/1"}],"replies":[{"embeddable":true,"href":"https:\/\/www.lux-beb.com\/posillipo\/wp-json\/wp\/v2\/comments?post=2114"}],"version-history":[{"count":13,"href":"https:\/\/www.lux-beb.com\/posillipo\/wp-json\/wp\/v2\/pages\/2114\/revisions"}],"predecessor-version":[{"id":2784,"href":"https:\/\/www.lux-beb.com\/posillipo\/wp-json\/wp\/v2\/pages\/2114\/revisions\/2784"}],"wp:featuredmedia":[{"embeddable":true,"href":"https:\/\/www.lux-beb.com\/posillipo\/wp-json\/wp\/v2\/media\/2516"}],"wp:attachment":[{"href":"https:\/\/www.lux-beb.com\/posillipo\/wp-json\/wp\/v2\/media?parent=2114"}],"curies":[{"name":"wp","href":"https:\/\/api.w.org\/{rel}","templated":true}]}}